24
Evaluate -1 + (3 - 9) + (20 - -20 - -22).
55
-29 - (-29 - 58) - -33 - 5
86
What is the value of -83 + 49 + 22 - 66?
-78
What is 6 + -3 + -51 + (140 - 120)?
-28
What is the value of (4 - 6 - -26) + 121 + -224?
-79
Evaluate 14 + 109 - (5 - (14 + -3) - 16).
145
Evaluate -110 + 6 - (-26 + -28).
-50
Calculate -66 - (-15 + -142 + 169 + -2 + 10).
-86
What is -17 - (-5 + (7 + 3 - 20 - -8)) - -39?
29
What is -479 + 512 - (14 + -1 - -5)?
15
2 + -1 - ((28 - -51) + 22) - (-1 - -1)
-100
Evaluate -85 + (-45 - (-164 + -11)).
45
What is the value of 54 + 124 + -28 + -183?
-33
What is the value of -10 + (-2 + 5 - 1) - (129 + -85 - 43)?
-9
Evaluate 118 - 19 - (-61 - -86).
74
Calculate -1 - -9 - (135 - 126) - (-17 + 0).
16
What is the value of (-17524 - -17526) + 1 + 39?
42
(91 - (58 + -30)) + (5 - 11 - (-3 + -9))
69
Evaluate 23 + (1 - (2 + -1)) + 1 + 7 + 0.
31
-8 + (-47 - -52 - 1 - (0 - 12))
8
91 - 0 - (9 - (-6 + 28) - 8)
112
Evaluate -4 + 2 - 4 - (49 - (-35 - -53) - 66).
29
Calculate 9 + -1 - ((303 - 320) + 1 + 59).
-35
Evaluate 17 + -12 + 112 - ((-12 - (0 + -6)) + 11).
112
(205 - 239) + (42 - 5)
3
Calculate 38 - (1 - (-33 + 19)).
23
What is the value of -49 + (-67 - -77) - (-107 - 11)?
79
(39 - 29 - 17) + 9
2
Evaluate 25 - (-35 + 57 - 32) - -58.
93
Calculate (-1 + 10 - (2 + (4 - 2))) + 11 + -17.
-1
What is the value of -107 - (-20 - ((3 - 35) + 20) - 12)?
-87
Evaluate -288 + (-69 - -326) - (-1 + 91).
-121
What is the value of -28 - (108 - 239) - 119?
-16
154 + -136 + 0 + -95 + (-1 - 7)
-85
Evaluate (3 - (3 - 13)) + (3 + 1 - 1 - 10).
6
What is 39 - (26 + -9 - -5 - (0 - -14)) - -3?
34
What is the value of 14 + (-90 - -80) + -1?
3
What is the value of -90 - -3 - -102 - 55?
-40
-110 - -16 - (-13 + (18 - 10) - 13)
-76
Evaluate 51 + 13 + 7 + -6 + -22.
43
What is the value of 15 + 5 + (529 - 472)?
77
What is (-2 - 0 - (-120 + 41)) + 0 + 319 + -319?
77
Calculate 116 + (-52 - (-15 + -5)).
84
Evaluate 1 + 93 + -47 + (-41 + 18 - -92).
116
-6 + (-12 + -10 - -1) + -19
-46
Evaluate 10 - -2 - ((-1 - -2 - (-32 + 20)) + -5).
4
(5 - -36) + 192 + -241
-8
What is the value of -44 - (-30 - 29) - 14?
1
What is the value of -92 - (38 + (15 + -17 - 23))?
-105
What is the value of -18 - (-80 + 118 - 44)?
-12
-17 - -40 - (100 - 25 - 18)
-34
What is the value of 13 - (-8 + 15) - (14 - (0 + 10))?
2
33 - (-18 + (42 + -48 - (1 + -3) - -13))
42
What is the value of -35 + 57 + -16 + -5 + 19?
20
Evaluate -11 + -69 - (-36 - -54) - (-15 - 1).
-82
-1145 + 1137 + (-11 - (0 + -1))
-18
What is (-53 - -32) + -49 - -32?
-38
Evaluate -44 + 2 - (-38 + 33) - (48 + -48).
-37
Evaluate 40 - (-90 + 63 + -25).
92
Evaluate -24 + (73 - 16 - -4).
37
(4 + 6 - (4 - 0)) + -83 + 41
-36
What is -59 - (-16 + 6 + 42 - 46)?
-45
What is the value of -5 + -37 + -7 + (2 - (-16 - -10)) + 5?
-36
77 - (-162 - -89 - -120)
30
Calculate 42 + 32 + 35 - 118.
-9
What is the value of -898 + 822 + (41 - 1)?
-36
Evaluate -22 + (0 - 61) + -16.
-99
What is 1575 + -1360 + (2 - 124)?
93
What is 2854 - 2891 - (16 + 1)?
-54
(-74 - (26 + -1 + (296 - 304))) + (2 - -1)
-88
Calculate -2 + -50 + (1082 - 984).
46
Calculate -39 - (-29 + -11 + 67).
-66
What is the value of (-23 - (-62 + 31)) + (-9 - -2) + -17?
-16
(47 + -7 - 2) + (-12 - (-5 - 11 - -7))
35
What is the value of 1903 + -1983 - (-99 - -2)?
17
Calculate 1 + (101 - -5) - (0 - (-15 + 6)).
98
Calculate 60 - (3 + -15 + 12 + 5 + -18).
73
Evaluate -7 - -59 - (32 - (17 - -12)).
49
What is 55 + -12 + (0 - 49)?
-6
What is the value of (4 + -2 - 2) + (-8 - -10) - (-323 + 356)?
-31
Calculate -2452 - -2436 - (2 + -1 + -6).
-11
47 - 0 - (-11566 + 11579)
34
What is 3 + (-15 - -6) - (-7 + (-5 - 43 - 3))?
52
Calculate (11 - (88 - 159)) + -108.
-26
Calculate 3 + 28 + (-5 - -6) + 12 + -27.
17
Evaluate -2 - (-10 - 0) - ((12 - -67) + (-28 - -9)).
-52
Calculate -11 + (5 + -19 + 9 - (4 + 27 + -4)).
-43
Evaluate (-100 - (-143 + 71)) + 126.
98
Evaluate 691 + -727 - (13 + -2 + (-2 - -2)).
-47
What is the value of 14 + (83 - (-33 + 81))?
49
What is the value of -33 + 3 + (2 - 0 - (-43 + 42)) + -9?
-36
Evaluate 19 - (60 + (-5 - 28)) - (41 - (-5 - -2)).
-52
Calculate 9 + (0 - 1) + (-28 - (49 + 13 + -73)).
-9
Evaluate (-18 - ((1 - 17) + (0 - 9))) + 53.
60
What is the value of (-941 - -920) + -21 + -1 + -2?
-45
What is 5984 + -6026 + -1 + 12?
-31
Evaluate -38 + 24 + 15 + (-5 + 1 - (1 - -1)).
-5
What is the value of 20 - (-6 - (-1 + -11 - (-18 - (6 + -21))))?
17
1 - 0 - -46 - 2 - (-71 - (66 - 132))
50
Calculate (11 - 7 - 4 - -5) + (-16 - 3) - 1.
-15
Evaluate 12476 + -12542 + (0 - (-1 - 11)).
-54
What is (-4 - -3) + 389 + -317?
71
-33 - -29 - (-16 + 3) - (16 + -11 - 40)
44
What is -169 + 184 - (7 + 3 + -8 + 67)?
-54
Evaluate (243 - 277) + (-15 - -32).
-17
What is the value of 9 + -6 - (0 - (-44 + (2 - 7 - 4)))?
-50
What is the value of (87 - 39) + (-254 - -288)?
82
41 + -62 - (3 - (-8 + 15) - -13)
-30
-7 - (-16 - -10) - -71 - (44 + -33)
59
Calculate 0 + (-8 - (-10 + -14 + -10)).
26
Calculate 50 + -49 + 117 + -122.
-4
What is (24 + -48 + -15 - 10) + -1 + -2 + -8?
-60
Calculate -1 - ((236 - 231) + 1 + 9).
-16
What is -4 + (-26 - (21 - 61) - 30)?
-20
What is -17 + (32 + -25 - (4 - 6)) + -33 - 4?
-45
What is -47 - (17 + -11) - 1?
-54
What is the value of (-1 - -11) + (81 - 107) + 14?
-2
Evaluate (2 - 25) + (-155 - -251) + -133.
-60
Evaluate (-14 - 8 - (6 + -21 + 52 + -45)) + 4.
-10
-9 + -1 - (99 + -60 + -36)
-13
What is the value of -335 + 304 + 6 + 28?
3
Evaluate (0 - (-1 - -12) - (-32 + -34 + 58)) + 84.
81
What is (-27 - -38) + 23 + -20 + 25?
39
What is -57 - -87 - 26 - (-3 + (-1 - -50))?
-42
What is 21 - 83 - 10 - 9 - (4 - -3 - 4)?
-84
Calculate -397 - -420 - (24 + -1) - (-4 + 7 + 4).
-7
-136 + 197 + (-48 - -11)
24
Evaluate -1 - 1 - (-3 + (0 - 3 - (2 + -26))).
-20
What is the value of -8 + (62 - 66) + 43?
31
(1 - 21) + (-16 + -132 - -101)
-67
What is -7 - (-19 - -107 - 159)?
64
What is the value of (-19 - -27 - 27 - -12) + 2 + -9?
-14
(27 - (-4 + 3) - (38 - 32)) + -6
16
Calculate (28 - (-8 - -37)) + -1 + 89.
87
Evaluate -37 + -81 + 59 + 20.
-39
What is 4 - (-2 + 5 + 0 + 6 + (-2 - 81))?
78
What is the value of (2 + 29 - 22) + -13 + -4?
-8
Evaluate (-1 - (-1 + 3)) + -81 + 2002 + -1985.
-67
What is the value of -20 - 1 - (36 - (-82 + 118))?
-21
What is -2 + 1 - (5 + 3) - (4 + (-23 - -3))?
7
Evaluate -12 + (14 - 11) + (11 - -38).
40
4 + (-6 - 6) - (27 + 19)
-54
What is the value of -2 - 13 - (4 - 18 - (-1 + 0))?
-2
What is the value of -19 - -1 - 3 - (22 - -2 - (11 - -4))?
-30
What is 63 - (-138 - (-16 - 99))?
86
Evaluate (6 + -13 - (1 - -11)) + -15 + 8.
-26
51 + 53 + -130 + 21
-5
What is 42 + (-42 - -37) + 4 + -3?
38
Evaluate (-10 + 2 - 8) + (0 - 0 - -2 - -6).
-8
Evaluate (-8 - 31) + (-6 - -14) + 6 + -2 + -7.
-34
-6 - (51 - (56 + 28))
27
What is -14 + 7 + (47 + -24 - 2) - 38?
-24
Calculate 13 - 8 - 20 - (-43 + 20 + 95).
-87
What is (-36516 - -36511) + (-2 + 2 - (45 + 1))?
-51
Calculate 3 + (0 - 6) - (-16 + 48).
-35
What is the value of 207 + -193 + 0 + 3?
17
What is the value of -80 - -111 - 40 - -24?
15
What is the value of 1 + -7 + 26 + -29 + -6 + 41?
26
What is the value of -55 + (28 + -14 - -11) + -15 + 3 - 2?
-44
Evaluate -1 + 97 - (-2 + 6 + -2 - (-174 + 174)).
94
Evaluate -118 + (-11 + 4 + 4 - 3 - -3) + 8.
-113
What is the value of 2 + (-8 - (-11 - -10)) - 17?
-22
What is the value of 26 + (-25 - -4 - -8) - (1 + 30)?
-18
Evaluate (-2 - 8 - (153 + -161)) + (12 - 1) - -41.
50
Calculate 64 + (-40 - 14) + (0 - 1) + 13.
22
Calculate 26 + -14 + 4 + 43.
59
Calculate (-4 - -21) + 24 + -77.
-36
1 + -30 + (543 - 464)
50
-4 - (44 + 1 - (35 - 13))
-27
Evaluate 0 + -3 + -119 + (32 - -36) + -48.
-102
What is ((-12 - -24) + -16 + -4 - -5) + 17?
14
What is -61 + (9 - ((-24 - -71) + -3 + -14))?
-82
Evaluate 0 + -28 + (137 - (-48 - -151)) - (-5 + 0).
11
What is the value of 97 + -168 + 101 - -55?
85
What is -10 - (52 - 21) - -30?
-11
What is -1 + -5 + 16 + -8 + 5 + -5?
2
Evaluate -4 + (4 - -17) - (-15 + -4 + 27).
9
What is the value of -88 + (26 - (-8 - 61))?
7
5 + (-13 - (-3 + 10)) + (-6 - -84)
63
Calculate 0 + -15 + -1 - (-255 + -509 + 733).
15
What is the value of -34 + 15 + -14 + (-26 - -50)?
-9
What is the value of -53 - (-45 - -30) - -21?
-17
-1241 - -1263 - (-1 - -1)
22
What is 30 + 0 - ((5 - 13 - -43) + -24)?
19
-15